rmine w(-1).
6
Let r be (2/6)/((-9)/(-54)). Let h(x) = x**2 + 2*x - 9. Let a(d) = 2*d**2 + 3*d - 10. Suppose 2*p + 3 = -3. Let w(v) = p*h(v) + r*a(v). Give w(0).
7
Let v(f) = -4*f**2 + 2*f**3 + f - f + 3*f**2. Suppose -2*h - 1 + 5 = 0. What is v(h)?
12
Let k(c) = 8*c - 1. Suppose -2*w = -2, -4*y + w = -0*w + 21. Let j be 7/y + (-4)/(-10). Calculate k(j).
-9
Let i(d) = 3*d + 8. Suppose 2*a = 4*a + 12. Determine i(a).
-10
Let j be (6/(-15))/((-1)/5). Let a(y) = 10*y + y**2 - 2*y**j + 5 - 2*y. Let w be a(8). Let s(v) = -2*v + 5. Determine s(w).
-5
Let s(a) = -2*a - 3. Let x(u) = -3*u - 4. Let j(r) = 5*s(r) - 4*x(r). Calculate j(-5).
-9
Let y = 1 - -2. Let z(f) = 0 + f**y - f + 0 + 0*f. Give z(2).
6
Let s(q) be the second derivative of q**3/2 + 15*q. What is s(-3)?
-9
Let l be (5/2)/((-7)/(-14)). Suppose -3*o = -l*v + 20, v = -4*o + 24 + 3. Let n(j) = -j**2 + 2 + 2*j + 2 - v + 2*j. What is n(4)?
-3
Let z be -5*3/(3 - 0). Let q(b) = 4*b**2 - b**2 + 16 + 5*b - 2*b**2 - 9. Calculate q(z).
7
Let f(l) = -l**2 - 4*l - 3. Let r = 107 - 111. Determine f(r).
-3
Let l(z) = -7*z - 11. Let g(j) = 11*j + 16. Let a(u) = -5*g(u) - 8*l(u). Suppose -4*f + 71 = 5*i, -4*f + 25 + 35 = 4*i. Suppose i = -3*n - 1. Give a(n).
4
Let i(v) = -3*v - 17. Let s be i(-7). Let w(q) = -q**2 + 4*q - 1. Give w(s).
-1
Let q(d) = -d**2 - 8*d - 11. Let u(j) = -j**2 - 8. Let b be u(0). What is q(b)?
-11
Let v(j) = -j**2 - 6*j + 3. Let u be v(-5). Suppose -4*y + 4 = -u. Let w(n) = -n**2 + 2*n - 1. Determine w(y).
-4
Let h(v) = -v**3 + 6*v**2 - 6*v + 6. Let i be (-1)/(4 - (-21)/(-5)). What is h(i)?
1
Let p(n) = n**3 - 6*n**2 - 4*n + 9. Suppose -2*v + 18 = 3*w - 7*v, 5*w + v = 30. Give p(w).
-15
Let s(h) = h**2 - 7*h + 12. Let t(y) = 2*y**2 - 14*y + 25. Let b(g) = 13*s(g) - 6*t(g). What is b(6)?
0
Suppose 0 = -3*z + 8*z + 25. Let u(o) = o**3 + 4*o**2 - 6*o - 3. Give u(z).
2
Let n = -3 - -4. Let m(c) = -14*c. Calculate m(n).
-14
Let f(b) = 1 + 0*b**2 + 0*b**2 + 14*b**3 - 2*b**2 - 15*b**3. Give f(-1).
0
Let y(u) = -5*u**2 + u - 1 - u**3 + 7 + 0. Let o(d) = d**3 - 10*d**2 + 9*d + 4. Let x be o(9). Suppose f + m = -2*f - 16, -x*f - 3*m - 23 = 0. What is y(f)?
1
Let p(n) = -n**3 - 8*n**2 + 2*n + 12. Suppose -5*x + 5 = -j - 8, 0 = -5*j - x - 39. Let q be p(j). Let y(w) = 0*w + 3*w + 5 + w. Calculate y(q).
-11
Let i(s) = -s - 1. Suppose 0 = a - 16 - 1. Suppose -4*q = -7 - a. Let d = -4 + q. What is i(d)?
-3
Let q(o) = -4*o - 3 + 2*o + 3 - 3. Let d(h) = -h. Let v(c) = 6*c + 1. Let y(s) = -5*d(s) - v(s). Let a be y(3). Calculate q(a).
5
Suppose -l + 6 + 9 = 0. Let x(t) = 36*t**3 + 15*t + 15. Let r(p) = 5*p**3 + 2*p + 2. Let j(f) = l*r(f) - 2*x(f). Calculate j(1).
3
Let i(p) = -9*p**2 + 12 - p + 8 - 27 + 6. Give i(-1).
-9
Let y(i) be the third derivative of -i**7/1260 + 7*i**6/720 + 7*i**4/24 - i**2. Let v(n) be the second derivative of y(n). Give v(5).
-15
Let i(d) = 1 + 4*d + 0*d + d. What is i(1)?
6
Let r be (-32)/(-20) - (-2)/5. Let v be (3/r)/(-3)*-4. Let w(n) = -n**2 + 5*n - 2. Calculate w(v).
4
Suppose 3*y = -g - 12, -4*g - y - 10 = 5. Let a(x) = x**2 + 2*x + 3. Determine a(g).
6
Let w(z) = z**2 + 6*z. Let x(g) = -g + 4. Let i be x(10). Determine w(i).
0
Suppose -v + 15 = 4*v. Let u(n) = -n**v + 6*n**2 - 7*n**2 - 4*n + 3*n. Give u(0).
0
Let p(d) = -d + 2. Let s be p(1). Let h(b) be the second derivative of 0 - 3/10*b**5 - b + 1/3*b**3 - 1/2*b**2 - 1/12*b**4. Give h(s).
-6
Let n = 1 + -2. Let j = 9 - 8. Let m(d) = -d**2 + 2*d + j + 0*d - 4*d**2 - d**2. Give m(n).
-7
Let w(z) = 27*z + 29*z - 55*z. Give w(2).
2
Suppose 5*i = 5*j - 35, 2*j - 5*i = -4*i + 15. Suppose 14 = -3*t - 2*d, d + 6 = -t - d. Let k = t + j. Let v(b) = b - 3. Calculate v(k).
1
Suppose 0 = -7*o + 5*o + 4. Let g(d) = 10*d + 6. Let w(n) = -n - 1. Let a(r) = o*g(r) + 14*w(r). Calculate a(2).
10
Suppose -5*g + 17 = 2. Let i(h) = -11 - 7 + h + g. Give i(0).
-15
Let l(s) = -8*s + 1. Suppose 17*f - 12*f + 5 = 0. What is l(f)?
9
Suppose 4*d + 4 = -4*y, 0 = -5*d + 2*d + y + 5. Let v be (d + 9)/(4 + -2). Suppose -v*p + 2*p = -15, 4*p = -2*z + 28. Let m(t) = 3*t - 5. Calculate m(z).
7
Let n(r) = r - 1. Let o(b) = b - 2. Let a(f) = -5*n(f) + 3*o(f). Calculate a(-4).
7
Let x(j) = -j**2 - 12*j - 13. Let m be x(-9). Suppose q - 3*l - m = -7*l, -4*q + 18 = -3*l. Let i(f) = 0*f**2 - 1 - f**2 - f + q. Give i(0).
5
Let f be 2*2*(-8)/(-32). Let j(n) = -2*n**2 - 2*n + 3. Let d(k) = 3*k**2 + 3*k - 4. Let z(l) = -3*d(l) - 4*j(l). Determine z(f).
-2
Let h = -13 + 17. Let k(d) = d - 5. Determine k(h).
-1
Let t(y) be the third derivative of y**6/120 - y**5/12 + y**3/6 + y**2. Suppose -2*a - 3*a = 5*k - 10, -3*a = k - 10. Suppose -a*g + 20 = -0*g. Give t(g).
1
Let n(d) be the first derivative of -d**4/4 - 7*d**3/3 - 5*d**2 - 6*d - 1. Give n(-6).
18
Let b(q) = -q**2 + 2*q + 2. Let c be 2 - 2*15/(-6). Suppose -c*d + 16 = -3*d. Give b(d).
-6
Let r(d) be the third derivative of d**5/30 + d**4/24 + d**3/3 - 2*d**2. Let n(k) = -k**3 - k**2 + 2*k - 1. Let p be n(1). Let f = p - -3. Give r(f).
12
Let d be (-1 + 1)/(-4 + 2). Let j(t) = -t**3 - t**2 + t - 10. Calculate j(d).
-10
Let p(m) = 4*m**2 - m**2 - 2*m**2 - 2*m**2. Determine p(-2).
-4
Let y(a) be the second derivative of a**5/20 - a**4/3 - 7*a**3/6 + 2*a**2 - 5*a. What is y(5)?
-6
Let m be 1/4 - 6/(-8). Let b(i) be the second derivative of 0*i**2 - 7*i - 9/20*i**5 + 0 + 1/12*i**4 + 0*i**3. Give b(m).
-8
Let m(d) be the second derivative of d**6/720 - d**5/20 + d**4/4 + 4*d. Let u(p) be the third derivative of m(p). What is u(6)?
0
Let h be 2/(((-12)/(-26))/3). Let n = 12 - h. Let z(l) = 7*l + 7. Let f(c) = 3*c + 3. Let w(b) = -5*f(b) + 2*z(b). What is w(n)?
0
Suppose -8*i - 100 = -3*i. Let w = i + 15. Let g(a) = 9*a + 13. Let h(b) = -8*b - 12. Let j(c) = 5*g(c) + 6*h(c). Determine j(w).
8
Suppose -w - 20 = -6*w. Let z(a) = -2 + 0*a + 10 - 3*a. Let p(i) = i - 1. Let c(n) = w*p(n) + z(n). Calculate c(-3).
1
Let u(h) = -6*h - 6. Let x(w) = w**2 + 10*w + 21. Let d be x(-5). Determine u(d).
18
Let i(w) = 2*w - 1. Let t(u) = -u. Let l(a) = 3*i(a) + 5*t(a). Calculate l(5).
2
Let t(v) be the third derivative of -11*v**5/60 - v**4/4 + 3*v**3/2 - 3*v**2. Let s(i) = -7*i**2 - 4*i + 6. Let m(j) = -8*s(j) + 5*t(j). Determine m(-3).
0
Let h(c) = c**2 - 9*c + 9. Let y = 16 - 10. Give h(y).
-9
Let k(l) = l**3 + l**2 + l - 3. Let u be k(0). Let p(o) be the third derivative of -1/2*o**3 + 0 + 3*o**2 + 0*o - 1/24*o**4. Calculate p(u).
0
Let d(v) = -4 + 5 + 0*v + 2*v - v. Give d(-6).
-5
Suppose -3*i + 0 = -m + 5, -55 = 4*m + 3*i. Let w(u) = u + 6. Give w(m).
-4
Let z(r) = -2*r**2 - 2*r. Let f be (0 - 1) + 5 + -6. Give z(f).
-4
Let i(a) = 4*a - 2. Suppose -n = 3*n - 28. Let y(m) = 9*m - 3. Let f(w) = n*i(w) - 3*y(w). Give f(0).
-5
Let i(a) be the second derivative of -7*a**3/6 - 2*a. Let h = -4 - -5. What is i(h)?
-7
Let v = 4 + -5. Let y(n) = 3 + n - 2 + 1. Give y(v).
1
Let q(b) be the second derivative of b**3/3 + 11*b**2/2 - 53*b. Suppose 2*p - 3*p - 8 = 0. Let l be q(p). Let h(x) = x + 4. Calculate h(l).
-1
Let w(m) = m + 7. Let q(y) = -4*y**2 - y + 1. Let d = 6 + -5. Let f be q(d). What is w(f)?
3
Let a(v) = -17*v + 10*v + 8*v - v**2 + 5*v**2. Give a(-1).
3
Let x(p) = p**2 - 2*p + 2. Let h(g) = -g - 14. Let d be h(-11). Determine x(d).
17
Suppose -2*r = -3*r + 6. Let q(w) be the second derivative of w**5/20 - w**4/2 - w**3/3 + 3*w**2 - 3*w. Calculate q(r).
-6
Let x(u) = 17*u**3 + 2*u**2 + u. Let h(p) = -2*p**2 + 32*p + 33. Let v be h(17). Calculate x(v).
-16
Let f be -8*(-3)/(-3 + 6). Let t(a) = a**2 - 6*a - 8. Calculate t(f).
8
Let m = -10 - -9. Let l(v) = v**2 + v. Calculate l(m).
0
Let q(h) be the first derivative of -2 + 1/2*h**2 + 2*h. Determine q(2).
4
Let z be 14/8 - (-2)/8. Let u(w) = -6*w + 0*w**2 + 2 + 3*w**z - 3*w**2 + w**2. Let j be (2 - 1) + (-8)/(-2). Calculate u(j).
-3
Suppose -4*n + n = 24. Let w = n + 4. Let g(o) = -o**3 - 6*o**2 - o - 2. Let j(a) = -2*a**3 - 13*a**2 - 3*a - 4. Let r(b) = -5*g(b) + 2*j(b). Calculate r(w).
6
Suppose -5*f + 3 = -17. Let y(p) = -35 + 3*p**2 + 4*p + 17 - 4*p**2 + 17. Determine y(f).
-1
Let w = 2 + 1. Suppose 0 = -d + 3*q + 15, 0 = -3*d - 2*q - w*q + 3. Let t(n) = -3*n + d*n - 3*n + n - 3. Calculate t(2).
-1
Let y(r) = 9 + r**2 + 5*r + r + 3*r. Let l(v) = -2*v**2 - 17*v